{"id":14032,"date":"2020-03-29T13:03:42","date_gmt":"2020-03-29T13:03:42","guid":{"rendered":"http:\/\/www.comptoirdumoteur.com\/?page_id=14032"},"modified":"2020-05-03T11:50:10","modified_gmt":"2020-05-03T10:50:10","slug":"weichai","status":"publish","type":"page","link":"https:\/\/www.comptoirdumoteur.com\/index.php\/weichai\/","title":{"rendered":"WEICHAI"},"content":{"rendered":"<p><section data-kc-equalheight=\"true\" data-kc-equalheight-align=\"bottom\" class=\"kc-elm kc-css-11510 kc_row\"><div class=\"kc-row-container  kc-container\"><div class=\"kc-wrap-columns\"><div class=\"kc-elm kc-css-599597 kc_col-sm-7 kc_column kc_col-sm-7\"><div class=\"kc-col-container\">\n<div class=\"kc-elm kc-css-174019 kc-title-wrap \">\n\n\t<h2 class=\"kc_title\">Plus de 70 ans d'exp\u00e9rience<\/h2>\n<\/div>\n<div class=\"kc-elm kc-css-373292 kc_text_block\"><\/p>\n<p style=\"text-align: justify;\">Fond\u00e9e en 1946, Weichai compte plus de 90 000 employ\u00e9s dans le monde. Avec un chiffre d&rsquo;affaires annuel de plus de 260 milliards de RMB en 2019, Weichai se classe 87e parmi les 500 premi\u00e8res entreprises chinoises, 27e parmi les 500 premi\u00e8res entreprises manufacturi\u00e8res chinoises et 2e parmi les 100 premi\u00e8res entreprises chinoises de l&rsquo;industrie des machines.<\/p>\n<p style=\"text-align: justify;\">Weichai est un groupe international multisectoriel et multisectoriel qui poss\u00e8de six secteurs d&rsquo;activit\u00e9: groupe motopropulseur, v\u00e9hicule utilitaire, engins de construction, logistique intelligente, yacht de luxe, finance et services apr\u00e8s-vente. Les filiales du groupe Weichai sont r\u00e9parties dans toute l&rsquo;Europe, l&rsquo;Am\u00e9rique du Nord, l&rsquo;Asie et d&rsquo;autres r\u00e9gions, et ses produits sont export\u00e9s dans plus de 110 pays et r\u00e9gions. Weichai Group poss\u00e8de 9 actions de 7 soci\u00e9t\u00e9s cot\u00e9es: Weichai Power (2338.HK; 000338.SZ), Weichai Heavy Machinery \uff08000880.SZ\uff09 \uff0c Asiastar Bus \uff08600213.SH\uff09, KION Group (KGX.F), PSI (PSIX .O), Ceres Power (CWR.L) et Ballard Power Systems (BLDP.T; \u200b\u200bBLDP.N).<\/p>\n<p style=\"text-align: justify;\">Weichai accorde une grande attention \u00e0 l&rsquo;innovation scientifique et technologique, il poss\u00e8de le Laboratoire d&rsquo;\u00c9tat cl\u00e9 de fiabilit\u00e9 des moteurs, le Centre national de recherche en technologie d&rsquo;ing\u00e9nierie pour le groupe motopropulseur des v\u00e9hicules commerciaux, l&rsquo;Alliance strat\u00e9gique d&rsquo;innovation nationale pour l&rsquo;industrie des nouveaux syst\u00e8mes d&rsquo;alimentation en \u00e9nergie des v\u00e9hicules commerciaux, l&rsquo;Espace des fabricants professionnels nationaux et d&rsquo;autres plates-formes de R&amp;D au niveau de l&rsquo;\u00c9tat. Il a mis en place \u00abAcademician Workstation\u00bb, \u00abPost-doctoral Workstation\u00bb et d&rsquo;autres bases de recherche, ainsi que State Intelligent Manufacturing Demonstration Base. Il a \u00e9galement construit des centres de R&amp;D \u00e0 Weifang, Shanghai, Xi&rsquo;an, Chongqing, Yangzhou, etc., \u00e9tabli des centres d&rsquo;innovation technologique de pointe dans de nombreux endroits \u00e0 travers le monde et mis en place une plateforme de R&amp;D collaborative mondiale pour s&rsquo;assurer que la technologie reste au niveau mondial.<\/p>\n<p style=\"text-align: justify;\">\n<\/div><\/div><\/div><div class=\"kc-elm kc-css-293151 kc_col-sm-5 kc_column kc_col-sm-5\"><div class=\"kc-col-container\"><div class=\"kc-elm kc-css-168771 kc_shortcode kc_single_image\">\n\n        <a  href=\"https:\/\/en.weichai.com\/\" title=\"\" target=\"_self\">\n        <img decoding=\"async\" src=\"https:\/\/www.comptoirdumoteur.com\/wp-content\/uploads\/2020\/03\/Weichai-1.png\" class=\"\" alt=\"\" \/>    <\/a>\n    <\/div>\n<div class=\"kc-elm kc-css-104490 kc_shortcode kc_single_image\">\n\n        <img decoding=\"async\" src=\"https:\/\/www.comptoirdumoteur.com\/wp-content\/uploads\/2020\/05\/WEICHAI-VEDIO_Moment1.jpg\" class=\"\" alt=\"\" \/>    <\/div>\n\n\t<div class=\"kc-elm kc-css-534857 kc_shortcode kc_video_play kc_video_wrapper\">\n\t\t\t\t\t\t\t\t<video width=\"600\" height=\"338.98305084746\" controls>\n\t\t\t\t<source src=\"https:\/\/www.comptoirdumoteur.com\/wp-content\/uploads\/2020\/04\/Weichai1.mp4\" type=\"video\/mp4\">\n\t\t\t\tYour browser does not support the video tag.\t\t\t<\/video>\n\n\t\t\t<\/div>\n\n<\/div><\/div><\/div><\/div><\/section><section class=\"kc-elm kc-css-534738 kc_row\"><div class=\"kc-row-container  kc-container\"><div class=\"kc-wrap-columns\"><div class=\"kc-elm kc-css-27063 kc_col-sm-12 kc_column kc_col-sm-12\"><div class=\"kc-col-container\">\n<div class=\"kc-elm kc-css-900111 kc-title-wrap \">\n\n\t<h2 class=\"kc_title\">Une strat\u00e9gie de d\u00e9veloppement internationale<\/h2>\n<\/div>\n<div class=\"kc-elm kc-css-368990 kc_text_block\"><\/p>\n<p style=\"text-align: justify;\">Weichai adh\u00e8re \u00e0 la strat\u00e9gie de d\u00e9veloppement international et a cr\u00e9\u00e9 une implantation industrielle synergique \u00e0 travers le monde. En 2004, apr\u00e8s avoir \u00e9t\u00e9 cot\u00e9e \u00e0 la bourse de Hong Kong, Weichai Power est devenue la premi\u00e8re soci\u00e9t\u00e9 de moteurs \u00e0 combustion interne cot\u00e9e \u00e0 la bourse de Hong Kong, ce qui a permis \u00e0 Weichai de s&rsquo;engager sur la voie de l&rsquo;internationalisation des capitaux. En 2005, Weichai Power a achet\u00e9 Torch Group et a construit une cha\u00eene industrielle dor\u00e9e pour les camions lourds (moteur Weichai + transmission rapide + essieu Hande + camion lourd Shacman). Par la suite, gr\u00e2ce au stock-\u00e0-stock avec Torch Group, Weichai est retourn\u00e9 au march\u00e9 boursier de Hong Kong, ce qui a cr\u00e9\u00e9 un \u00abmod\u00e8le Weichai\u00bb sur le march\u00e9 des capitaux. Depuis 2009, Weichai a acquis successivement Baudouin, un motoriste fran\u00e7ais avec une histoire de 100 ans; Groupe Ferretti strat\u00e9giquement r\u00e9organis\u00e9, un fabricant de yachts de luxe en Italie; et a coop\u00e9r\u00e9 strat\u00e9giquement avec KION Group, un fournisseur allemand de chariots \u00e9l\u00e9vateurs industriels et de services; acquis Linde Hydraulics et r\u00e9alis\u00e9 la localisation; aid\u00e9 KION Group \u00e0 acqu\u00e9rir Dematic, un fournisseur de logistique automatique; investi strat\u00e9giquement dans PSI, un fournisseur de syst\u00e8mes d&rsquo;alimentation \u00e0 combustible alternatif, UK Sirius Power Holdings Co., Ltd, un fournisseur de piles \u00e0 combustible \u00e0 oxyde solide, et Canada Ballard Power Systems Co., Ltd, un fournisseur de piles \u00e0 combustible \u00e0 hydrog\u00e8ne, r\u00e9organis\u00e9 strat\u00e9giquement des SAO allemandes et Austria VDS, pour r\u00e9aliser une pr\u00e9sence commerciale mondiale et un d\u00e9veloppement \u00e9quilibr\u00e9. Dans le m\u00eame temps, gr\u00e2ce \u00e0 l&rsquo;exportation de technologies et \u00e0 la coop\u00e9ration en mati\u00e8re de production, Weichai a \u00e9tabli des bases de production en Inde et dans d&rsquo;autres endroits pour r\u00e9aliser une fabrication localis\u00e9e. un fournisseur allemand de chariots \u00e9l\u00e9vateurs industriels et de services; acquis Linde Hydraulics et r\u00e9alis\u00e9 la localisation; aid\u00e9 KION Group \u00e0 acqu\u00e9rir Dematic, un fournisseur de logistique automatique; investi strat\u00e9giquement dans PSI, un fournisseur de syst\u00e8mes d&rsquo;alimentation \u00e0 combustible alternatif, UK Sirius Power Holdings Co., Ltd, un fournisseur de piles \u00e0 combustible \u00e0 oxyde solide, et Canada Ballard Power Systems Co., Ltd, un fournisseur de piles \u00e0 combustible \u00e0 hydrog\u00e8ne, r\u00e9organis\u00e9 strat\u00e9giquement des SAO allemandes et Austria VDS, pour r\u00e9aliser une pr\u00e9sence commerciale mondiale et un d\u00e9veloppement \u00e9quilibr\u00e9. Dans le m\u00eame temps, gr\u00e2ce \u00e0 l&rsquo;exportation de technologies et \u00e0 la coop\u00e9ration en mati\u00e8re de production, Weichai a \u00e9tabli des bases de production en Inde et dans d&rsquo;autres endroits pour r\u00e9aliser une fabrication localis\u00e9e. un fournisseur allemand de chariots \u00e9l\u00e9vateurs industriels et de services; acquis Linde Hydraulics et r\u00e9alis\u00e9 la localisation; aid\u00e9 KION Group \u00e0 acqu\u00e9rir Dematic, un fournisseur de logistique automatique; investi strat\u00e9giquement dans PSI, un fournisseur de syst\u00e8mes d&rsquo;alimentation \u00e0 combustible alternatif, UK Sirius Power Holdings Co., Ltd, un fournisseur de piles \u00e0 combustible \u00e0 oxyde solide, et Canada Ballard Power Systems Co., Ltd, un fournisseur de piles \u00e0 combustible \u00e0 hydrog\u00e8ne, r\u00e9organis\u00e9 strat\u00e9giquement des SAO allemandes et Austria VDS, pour r\u00e9aliser une pr\u00e9sence commerciale mondiale et un d\u00e9veloppement \u00e9quilibr\u00e9. Dans le m\u00eame temps, gr\u00e2ce \u00e0 l&rsquo;exportation de technologies et \u00e0 la coop\u00e9ration en mati\u00e8re de production, Weichai a \u00e9tabli des bases de production en Inde et dans d&rsquo;autres endroits pour r\u00e9aliser une fabrication localis\u00e9e. investi strat\u00e9giquement dans PSI, un fournisseur de syst\u00e8mes d&rsquo;alimentation \u00e0 combustible alternatif, UK Sirius Power Holdings Co., Ltd, un fournisseur de piles \u00e0 combustible \u00e0 oxyde solide, et Canada Ballard Power Systems Co., Ltd, un fournisseur de piles \u00e0 combustible \u00e0 hydrog\u00e8ne, r\u00e9organis\u00e9 strat\u00e9giquement des SAO allemandes et Austria VDS, pour r\u00e9aliser une pr\u00e9sence commerciale mondiale et un d\u00e9veloppement \u00e9quilibr\u00e9. Dans le m\u00eame temps, gr\u00e2ce \u00e0 l&rsquo;exportation de technologies et \u00e0 la coop\u00e9ration en mati\u00e8re de production, Weichai a \u00e9tabli des bases de production en Inde et dans d&rsquo;autres endroits pour r\u00e9aliser une fabrication localis\u00e9e. investi strat\u00e9giquement dans PSI, un fournisseur de syst\u00e8mes d&rsquo;alimentation \u00e0 combustible alternatif, UK Sirius Power Holdings Co., Ltd, un fournisseur de piles \u00e0 combustible \u00e0 oxyde solide, et Canada Ballard Power Systems Co., Ltd, un fournisseur de piles \u00e0 combustible \u00e0 hydrog\u00e8ne, r\u00e9organis\u00e9 strat\u00e9giquement des SAO allemandes et Austria VDS, pour r\u00e9aliser une pr\u00e9sence commerciale mondiale et un d\u00e9veloppement \u00e9quilibr\u00e9. Dans le m\u00eame temps, gr\u00e2ce \u00e0 l&rsquo;exportation de technologies et \u00e0 la coop\u00e9ration en mati\u00e8re de production, Weichai a \u00e9tabli des bases de production en Inde et dans d&rsquo;autres endroits pour r\u00e9aliser une fabrication localis\u00e9e.<\/p>\n<p style=\"text-align: justify;\">\n<\/div><div class=\"kc-elm kc-css-719422 kc_text_block\"><\/p>\n<p>Les soci\u00e9t\u00e9s appartenant \u00e0 WEICHAI<\/p>\n<p style=\"text-align: justify;\">\n<\/div><div class=\"kc-elm kc-css-15815 kc_shortcode kc_single_image\">\n\n        <img decoding=\"async\" src=\"https:\/\/www.comptoirdumoteur.com\/wp-content\/uploads\/2020\/05\/weichai_groupe.jpg\" class=\"\" alt=\"\" \/>    <\/div>\n<\/div><\/div><\/div><\/div><\/section><section class=\"kc-elm kc-css-142945 kc_row\"><div class=\"kc-row-container  kc-container\"><div class=\"kc-wrap-columns\"><div class=\"kc-elm kc-css-392524 kc_col-sm-12 kc_column kc_col-sm-12\"><div class=\"kc-col-container\">\n<div class=\"kc-elm kc-css-686862 kc-title-wrap \">\n\n\t<h2 class=\"kc_title\">Mission, objectif et strat\u00e9gie<\/h2>\n<\/div>\n<div class=\"kc-elm kc-css-396285 kc_text_block\"><\/p>\n<p style=\"text-align: justify;\">Weichai prend \u00abGreen Power, International Weichai\u00bb comme mission, prend \u00abla satisfaction maximale des clients\u00bb comme objectif, et a form\u00e9 une culture d&rsquo;entreprise unique. Pour l&rsquo;avenir, Weichai a lanc\u00e9 sa strat\u00e9gie 2020-2030: d&rsquo;ici 2020, l&rsquo;entreprise traditionnelle d\u00e9passera le niveau de classe mondiale. D&rsquo;ici 2030, de nouvelles activit\u00e9s \u00e9nerg\u00e9tiques dirigeront le d\u00e9veloppement de l&rsquo;industrie mondiale. D&rsquo;ici 2025, les revenus atteindront 100 milliards de dollars et atteindront 1 billion de RMB d&rsquo;ici 2030. Le c\u0153ur de m\u00e9tier de chaque segment entrera dans le top 3 de l&rsquo;industrie mondiale. La soci\u00e9t\u00e9 se classera parmi les 200 premiers parmi les 500 premiers au monde et deviendra un groupe multinational d&rsquo;\u00e9quipement industriel tr\u00e8s respect\u00e9.<\/p>\n<p style=\"text-align: justify;\">\n<\/div><\/div><\/div><\/div><\/div><\/section><\/p>\n","protected":false},"excerpt":{"rendered":"","protected":false},"author":1,"featured_media":0,"parent":0,"menu_order":0,"comment_status":"closed","ping_status":"closed","template":"","meta":{"footnotes":""},"class_list":["post-14032","page","type-page","status-publish","hentry"],"_links":{"self":[{"href":"https:\/\/www.comptoirdumoteur.com\/index.php\/wp-json\/wp\/v2\/pages\/14032","targetHints":{"allow":["GET"]}}],"collection":[{"href":"https:\/\/www.comptoirdumoteur.com\/index.php\/wp-json\/wp\/v2\/pages"}],"about":[{"href":"https:\/\/www.comptoirdumoteur.com\/index.php\/wp-json\/wp\/v2\/types\/page"}],"author":[{"embeddable":true,"href":"https:\/\/www.comptoirdumoteur.com\/index.php\/wp-json\/wp\/v2\/users\/1"}],"replies":[{"embeddable":true,"href":"https:\/\/www.comptoirdumoteur.com\/index.php\/wp-json\/wp\/v2\/comments?post=14032"}],"version-history":[{"count":16,"href":"https:\/\/www.comptoirdumoteur.com\/index.php\/wp-json\/wp\/v2\/pages\/14032\/revisions"}],"predecessor-version":[{"id":15184,"href":"https:\/\/www.comptoirdumoteur.com\/index.php\/wp-json\/wp\/v2\/pages\/14032\/revisions\/15184"}],"wp:attachment":[{"href":"https:\/\/www.comptoirdumoteur.com\/index.php\/wp-json\/wp\/v2\/media?parent=14032"}],"curies":[{"name":"wp","href":"https:\/\/api.w.org\/{rel}","templated":true}]}}