{"id":14867,"date":"2020-04-10T20:35:44","date_gmt":"2020-04-10T20:35:44","guid":{"rendered":"http:\/\/www.comptoirdumoteur.com\/?post_type=product&#038;p=14867"},"modified":"2020-04-11T19:06:27","modified_gmt":"2020-04-11T19:06:27","slug":"les-soupapes","status":"publish","type":"product","link":"https:\/\/www.comptoirdumoteur.com\/index.php\/product\/les-soupapes\/","title":{"rendered":"Les soupapes"},"content":{"rendered":"<div class=\"ce-servicevisual content default\">\n<div class=\"ce-servicevisual content default\">\n<div class=\"ce-servicevisual content default\">\n<p style=\"text-align: justify;\">Entr\u00e9e d&rsquo;air de combustion dans la chambre de combustion et sortie des gaz d&rsquo;\u00e9chappement apr\u00e8s le processus de combustion.<\/p>\n<\/div>\n<div class=\"ce-text content default\">\n<p style=\"text-align: justify;\">Jusqu&rsquo;\u00e0 vingt processus d&rsquo;ouverture et de fermeture par seconde \u00e0 des pressions et des temp\u00e9ratures \u00e9lev\u00e9es imposent des exigences extr\u00eames sur le mat\u00e9riau et la g\u00e9om\u00e9trie de chaque soupape. Les soupapes d&rsquo;admission et d&rsquo;\u00e9chappement WEICHAI contiennent l&rsquo;exp\u00e9rience et les connaissances de l&rsquo;un des plus grands fabricants de moteurs au monde &#8211; ainsi que les m\u00e9thodes de fabrication les plus modernes, des soupapes sont cr\u00e9\u00e9es pour r\u00e9sister \u00e0 toutes les exigences d&rsquo;un fonctionnement quotidien rude et garantissent un fonctionnement s\u00fbr du moteur.<\/p>\n<h2 style=\"text-align: justify;\">Les avantages de l&rsquo;original<\/h2>\n<ul>\n<li style=\"text-align: justify;\">Plus de 70 ans d&rsquo;exp\u00e9rience se traduisent par des soupapes d&rsquo;admission et d&rsquo;\u00e9chappement WEICHAI avec une fiabilit\u00e9 et une pr\u00e9cision de r\u00e9glage exceptionnelles &#8211; pour une longue dur\u00e9e de vie du moteur.<\/li>\n<li style=\"text-align: justify;\">Les soupapes d&rsquo;admission et d&rsquo;\u00e9chappement WEICHAI sont fabriqu\u00e9es \u00e0 partir d&rsquo;aciers sp\u00e9ciaux afin qu&rsquo;ils puissent r\u00e9sister aux exigences les plus s\u00e9v\u00e8res pendant longtemps.<\/li>\n<\/ul>\n<\/div>\n<\/div>\n<\/div>\n","protected":false},"excerpt":{"rendered":"<p>Entr\u00e9e d&rsquo;air de combustion dans la chambre de combustion et sortie des gaz d&rsquo;\u00e9chappement apr\u00e8s le processus de combustion. Jusqu&rsquo;\u00e0 vingt processus d&rsquo;ouverture et de fermeture par seconde \u00e0 des pressions et des temp\u00e9ratures \u00e9lev\u00e9es imposent des exigences extr\u00eames sur le mat\u00e9riau et la g\u00e9om\u00e9trie de chaque soupape. Les soupapes d&rsquo;admission et d&rsquo;\u00e9chappement WEICHAI contiennent [&hellip;]<\/p>\n","protected":false},"featured_media":14902,"template":"","meta":[],"product_brand":[],"product_cat":[103],"product_tag":[],"class_list":{"0":"post-14867","1":"product","2":"type-product","3":"status-publish","4":"has-post-thumbnail","6":"product_cat-pieces-weichai","8":"first","9":"instock","10":"shipping-taxable","11":"product-type-simple"},"_links":{"self":[{"href":"https:\/\/www.comptoirdumoteur.com\/index.php\/wp-json\/wp\/v2\/product\/14867","targetHints":{"allow":["GET"]}}],"collection":[{"href":"https:\/\/www.comptoirdumoteur.com\/index.php\/wp-json\/wp\/v2\/product"}],"about":[{"href":"https:\/\/www.comptoirdumoteur.com\/index.php\/wp-json\/wp\/v2\/types\/product"}],"wp:featuredmedia":[{"embeddable":true,"href":"https:\/\/www.comptoirdumoteur.com\/index.php\/wp-json\/wp\/v2\/media\/14902"}],"wp:attachment":[{"href":"https:\/\/www.comptoirdumoteur.com\/index.php\/wp-json\/wp\/v2\/media?parent=14867"}],"wp:term":[{"taxonomy":"product_brand","embeddable":true,"href":"https:\/\/www.comptoirdumoteur.com\/index.php\/wp-json\/wp\/v2\/product_brand?post=14867"},{"taxonomy":"product_cat","embeddable":true,"href":"https:\/\/www.comptoirdumoteur.com\/index.php\/wp-json\/wp\/v2\/product_cat?post=14867"},{"taxonomy":"product_tag","embeddable":true,"href":"https:\/\/www.comptoirdumoteur.com\/index.php\/wp-json\/wp\/v2\/product_tag?post=14867"}],"curies":[{"name":"wp","href":"https:\/\/api.w.org\/{rel}","templated":true}]}}