{"id":14877,"date":"2020-04-10T21:24:20","date_gmt":"2020-04-10T21:24:20","guid":{"rendered":"http:\/\/www.comptoirdumoteur.com\/?post_type=product&#038;p=14877"},"modified":"2020-04-17T17:09:41","modified_gmt":"2020-04-17T17:09:41","slug":"les-joints","status":"publish","type":"product","link":"https:\/\/www.comptoirdumoteur.com\/index.php\/product\/les-joints\/","title":{"rendered":"Les joints"},"content":{"rendered":"<div class=\"ce-servicevisual content default\">\n<div class=\"ce-servicevisual content default\">\n<div class=\"ce-servicevisual content default\">\n<div class=\"ce-servicevisual content default\">\n<div class=\"ce-servicevisual content default\">\n<div class=\"ce-servicevisual content default\">\n<div class=\"ce-servicevisual content default\">\n<div class=\"ce-servicevisual content default\">\n<div class=\"ce-servicevisual content default\">\n<div class=\"ce-servicevisual content default\">\n<div class=\"ce-servicevisual content default\">\n<div class=\"ce-servicevisual content default\">\n<div class=\"ce-servicevisual content default\">\n<p style=\"text-align: justify;\">Pour le fonctionnement s\u00fbr et optimal d&rsquo;un moteur \u00e0 combustion interne, l&rsquo;\u00e9tanch\u00e9it\u00e9 des fluides contenus dans celui-ci, des gaz de combustion, de l&rsquo;eau de refroidissement et de l&rsquo;huile de lubrification doit \u00eatre garantie les uns contre les autres et vers l&rsquo;ext\u00e9rieur \u00e0 tout moment.\u00a0En particulier dans les chambres de combustion du moteur, la tendance \u00e0 l&rsquo;augmentation des dos d&rsquo;allumage de plus de 200 bars et des temp\u00e9ratures sup\u00e9rieures \u00e0 400 \u00b0 C impose des exigences croissantes aux mat\u00e9riaux d&rsquo;\u00e9tanch\u00e9it\u00e9 utilis\u00e9s.\u00a0Pour cette raison, seuls les syst\u00e8mes d&rsquo;\u00e9tanch\u00e9it\u00e9 de haute qualit\u00e9 sont utilis\u00e9s dans les moteurs WEICHAI qui garantissent une \u00e9tanch\u00e9it\u00e9 \u00e0 100% et une longue dur\u00e9e de vie.<\/p>\n<\/div>\n<\/div>\n<\/div>\n<\/div>\n<\/div>\n<\/div>\n<\/div>\n<\/div>\n<\/div>\n<\/div>\n<\/div>\n<\/div>\n<\/div>\n","protected":false},"excerpt":{"rendered":"<p>Pour le fonctionnement s\u00fbr et optimal d&rsquo;un moteur \u00e0 combustion interne, l&rsquo;\u00e9tanch\u00e9it\u00e9 des fluides contenus dans celui-ci, des gaz de combustion, de l&rsquo;eau de refroidissement et de l&rsquo;huile de lubrification doit \u00eatre garantie les uns contre les autres et vers l&rsquo;ext\u00e9rieur \u00e0 tout moment.\u00a0En particulier dans les chambres de combustion du moteur, la tendance \u00e0 [&hellip;]<\/p>\n","protected":false},"featured_media":14987,"template":"","meta":[],"product_brand":[],"product_cat":[103],"product_tag":[],"class_list":{"0":"post-14877","1":"product","2":"type-product","3":"status-publish","4":"has-post-thumbnail","6":"product_cat-pieces-weichai","8":"first","9":"instock","10":"shipping-taxable","11":"product-type-simple"},"_links":{"self":[{"href":"https:\/\/www.comptoirdumoteur.com\/index.php\/wp-json\/wp\/v2\/product\/14877","targetHints":{"allow":["GET"]}}],"collection":[{"href":"https:\/\/www.comptoirdumoteur.com\/index.php\/wp-json\/wp\/v2\/product"}],"about":[{"href":"https:\/\/www.comptoirdumoteur.com\/index.php\/wp-json\/wp\/v2\/types\/product"}],"wp:featuredmedia":[{"embeddable":true,"href":"https:\/\/www.comptoirdumoteur.com\/index.php\/wp-json\/wp\/v2\/media\/14987"}],"wp:attachment":[{"href":"https:\/\/www.comptoirdumoteur.com\/index.php\/wp-json\/wp\/v2\/media?parent=14877"}],"wp:term":[{"taxonomy":"product_brand","embeddable":true,"href":"https:\/\/www.comptoirdumoteur.com\/index.php\/wp-json\/wp\/v2\/product_brand?post=14877"},{"taxonomy":"product_cat","embeddable":true,"href":"https:\/\/www.comptoirdumoteur.com\/index.php\/wp-json\/wp\/v2\/product_cat?post=14877"},{"taxonomy":"product_tag","embeddable":true,"href":"https:\/\/www.comptoirdumoteur.com\/index.php\/wp-json\/wp\/v2\/product_tag?post=14877"}],"curies":[{"name":"wp","href":"https:\/\/api.w.org\/{rel}","templated":true}]}}