{"id":14967,"date":"2020-04-14T19:35:25","date_gmt":"2020-04-14T19:35:25","guid":{"rendered":"http:\/\/www.comptoirdumoteur.com\/?post_type=product&#038;p=14967"},"modified":"2020-04-18T12:33:39","modified_gmt":"2020-04-18T11:33:39","slug":"reservoir-a-carburant","status":"publish","type":"product","link":"https:\/\/www.comptoirdumoteur.com\/index.php\/product\/reservoir-a-carburant\/","title":{"rendered":"R\u00e9servoir \u00e0 carburant"},"content":{"rendered":"<p>HIDEA met \u00e0 la disposition de ses clients des mod\u00e8les renforc\u00e9s de r\u00e9servoirs d&rsquo;essence de 12 et 24 litres ainsi que les tuyaux \u00e0 carburant, les poires d&rsquo;amor\u00e7age, les embouts du tuyau de carburant, les jauges d\u2019essence et des bouchons\u2026<\/p>\n","protected":false},"excerpt":{"rendered":"<p>HIDEA met \u00e0 la disposition de ses clients des mod\u00e8les renforc\u00e9s de r\u00e9servoirs d&rsquo;essence de 12 et 24 litres ainsi que les tuyaux \u00e0 carburant, les poires d&rsquo;amor\u00e7age, les embouts du tuyau de carburant, les jauges d\u2019essence et des bouchons\u2026<\/p>\n","protected":false},"featured_media":14989,"template":"","meta":[],"product_brand":[],"product_cat":[99],"product_tag":[],"class_list":{"0":"post-14967","1":"product","2":"type-product","3":"status-publish","4":"has-post-thumbnail","6":"product_cat-pieces-hidea","8":"first","9":"instock","10":"shipping-taxable","11":"product-type-simple"},"_links":{"self":[{"href":"https:\/\/www.comptoirdumoteur.com\/index.php\/wp-json\/wp\/v2\/product\/14967","targetHints":{"allow":["GET"]}}],"collection":[{"href":"https:\/\/www.comptoirdumoteur.com\/index.php\/wp-json\/wp\/v2\/product"}],"about":[{"href":"https:\/\/www.comptoirdumoteur.com\/index.php\/wp-json\/wp\/v2\/types\/product"}],"wp:featuredmedia":[{"embeddable":true,"href":"https:\/\/www.comptoirdumoteur.com\/index.php\/wp-json\/wp\/v2\/media\/14989"}],"wp:attachment":[{"href":"https:\/\/www.comptoirdumoteur.com\/index.php\/wp-json\/wp\/v2\/media?parent=14967"}],"wp:term":[{"taxonomy":"product_brand","embeddable":true,"href":"https:\/\/www.comptoirdumoteur.com\/index.php\/wp-json\/wp\/v2\/product_brand?post=14967"},{"taxonomy":"product_cat","embeddable":true,"href":"https:\/\/www.comptoirdumoteur.com\/index.php\/wp-json\/wp\/v2\/product_cat?post=14967"},{"taxonomy":"product_tag","embeddable":true,"href":"https:\/\/www.comptoirdumoteur.com\/index.php\/wp-json\/wp\/v2\/product_tag?post=14967"}],"curies":[{"name":"wp","href":"https:\/\/api.w.org\/{rel}","templated":true}]}}